) + ((-2)/(-1))/4. What is h(y)?
-3
Let w(k) = -7*k**2 - 5*k + 4. Suppose 3*o = 3*t - 39, 0 = -o - 2*o - t - 23. Let y(q) = -3*q**2 - 2*q + 2. Let f(b) = o*y(b) + 4*w(b). What is f(-4)?
-10
Let y be -5*((-32)/(-20) - 1). Let x(t) = -t**2 + 2. Let f be x(y). Let q(s) = s**3 + 6*s**2 - 9*s - 8. What is q(f)?
6
Let l(m) = -m**2 + m + 1. Let p(j) = -2*j**2 + 3*j + 3. Let f(g) = -7*l(g) + 4*p(g). Let x(i) = -i - 5. Let t be x(-3). Let z = 3 - t. What is f(z)?
5
Let w = 61 + -57. Let m(v) = -v**2 + 6*v - 4. Determine m(w).
4
Let z(o) = -o**3 - 6*o**2 - 7*o - 5. Let g be 4*-2*(-1 - 0). Suppose 3*t = 4 + 5. Suppose -t*q - g = -q. Calculate z(q).
-9
Let d(x) = 5*x**2 + 14*x + 7. Let z(w) = 3*w**2 + 7*w + 4. Let r(k) = -4*d(k) + 7*z(k). Give r(6).
-6
Let n(w) = -4*w**3 + 14*w**2 + 21*w + 7. Let z(h) = -3*h**3 + 9*h**2 + 14*h + 5. Let l(x) = -5*n(x) + 7*z(x). What is l(-6)?
6
Let f = -1 - 5. Let d(b) = -5*b**2 + 8*b + 2*b**3 - b**3 + 7 - 2*b**3. Calculate d(f).
-5
Let i(h) = -h**2 + h - 5. Let p be i(0). Let g = 7 + p. Suppose 0*z - z = -g. Let c(t) = 3*t**2 - 2*t - 2. What is c(z)?
6
Let o = -109 + 114. Let m(p) = -p**2 + 5*p - 6. Calculate m(o).
-6
Suppose 4*k = 2*g + 38, -5*g + g - 31 = k. Let q be (6*-1)/(g/6). Let r(s) = -s**2 + 6*s - 6. Determine r(q).
2
Let q(t) = 0*t - 1 - 2*t**2 - 3*t + t + 4*t**3. Let y be ((-4)/(-8))/(2/(-4)). Calculate q(y).
-5
Let a(t) be the second derivative of t**7/2520 - t**6/144 - t**5/30 + t**4/2 + 2*t. Let h(p) be the third derivative of a(p). Calculate h(5).
-4
Let t(s) = s + 1. Let w be t(9). Suppose 0 = 3*z - 2*q - 20 - w, -22 = -2*z + 2*q. Let a = 3 - z. Let c(i) = i - 3. Calculate c(a).
-8
Suppose -20 = -0*n + 5*n. Let w = 0 - n. Let u(a) = -1 - w + 4 - 2 + 5*a. What is u(2)?
7
Let m = -3 - -6. Let d be 10/3*m/2. Let l(r) = d + 4*r - 3 - 3*r - 7. Determine l(5).
0
Suppose -3*r - r - 8 = 5*l, 2*r - 4*l = 22. Let f(q) be the third derivative of 0 + 4*q**2 + 1/24*q**4 + 0*q + 5/6*q**r. What is f(-4)?
1
Let a be 0 + -1 + -1 + 2. Suppose -2*c + 2*m + 6 = a, -4*c = -4*m - m - 10. Let x(v) = -5 - 6*v**2 + v + v**3 + 9*v - 3*v. Determine x(c).
5
Let l(j) = -j**3 - 5*j**2 - 2*j - 1. Let b = -5 + 0. Give l(b).
9
Let f be 48/(-27) + 2/(-9). Let q(t) be the first derivative of -t**2/2 - 4*t + 23. Determine q(f).
-2
Let g(w) = w. Let m(v) = -v**2 + 3*v + 7. Let o(a) = 6*g(a) - m(a). Let z be o(-5). Let k(u) = -8 - u - u + z*u. What is k(0)?
-8
Let y(q) = 41*q - 1 - 13*q - 29*q. Suppose -7 = 5*l + 8. Give y(l).
2
Let j(s) be the first derivative of 4*s + 1/3*s**3 - 3 + 4*s**2. What is j(-3)?
-11
Let n(s) = -2*s**2 - 3*s - 2. Let u = 8 - 5. Let h(z) = z**2 + 2*z + 2. Let j(a) = u*h(a) + 2*n(a). What is j(-3)?
-7
Let x(u) = u**3 - 3*u**2 - 3*u - 2. Let a be x(4). Suppose 14 = -c - 3*y, -c - 3*c - 26 = a*y. Let g(v) = v**3 + 5*v**2 + 3. Determine g(c).
3
Let m(v) = 7*v**2 + 3*v + 4. Let z(b) = -10*b**2 - 5*b - 6. Let h(p) = 7*m(p) + 5*z(p). Give h(-3).
1
Suppose -5*p + 23 = -7. Let y be -1 - (-5)/((-10)/(-12)). Let i(v) = -5*v**2 - 4*v + v**3 - y - 3 + 1. Determine i(p).
5
Let o = -19 - -31. Let w be ((-8)/o)/((-1)/3). Let k(n) = -n**3 + 3*n**2 + 2*n. Determine k(w).
8
Let c = -1/69 + 25/138. Let t(i) be the third derivative of 1/15*i**5 - c*i**3 + 0 + i**2 + 0*i + 1/24*i**4. Determine t(1).
4
Let g = 42 - 25. Let v = g - -14. Suppose -5*j = -c + 15, 7*c - v = 2*c + 3*j. Let x(m) = 2*m - 6. Give x(c).
4
Let s(i) be the second derivative of i**6/360 - i**5/40 - i**4/12 + i**3/3 + 6*i. Let r(d) be the second derivative of s(d). Determine r(3).
-2
Let t(o) = o**3 - 5*o**2 + o - 7. Let z = -2 - -7. Determine t(z).
-2
Let q(n) be the third derivative of n**6/120 + n**5/20 + n**4/8 + n**3/6 - n**2. Let y be ((-4)/(-3))/(6/(-9)). Let a be -3 - ((-3 - y) + 1). What is q(a)?
-8
Let h(c) = -2*c + 1. Let w be h(1). Let q(a) = 6*a + 1. Calculate q(w).
-5
Let n = 12 - 6. Let u(b) = -b**3 + 5*b**2 + 5*b + 1. Give u(n).
-5
Let h be (18/15)/(24/(-60)). Let y(l) = l**3 + 3*l**2 - l - 1. Give y(h).
2
Let b(k) = 5*k - 3. Let q(p) = -4*p + 4. Let s(r) = -3*b(r) - 4*q(r). Give s(7).
0
Suppose 2*t + 2*t - 16 = 0. Suppose t*w - 8 = m, -5*w + 3*m + 4 = -13. Let i(h) = -4*h**2 + 2*h - 1. What is i(w)?
-3
Let v(y) be the first derivative of -2 + 1/24*y**4 + 1/2*y**2 + 0*y + 0*y**3. Let c(l) be the second derivative of v(l). Determine c(2).
2
Let s(b) be the third derivative of 0*b + b**2 + 1/60*b**5 - 1/120*b**6 + 0*b**3 + 0*b**4 + 0. What is s(1)?
0
Let d(z) = -z**3 + 5*z**2 - z + 6. Suppose -7 = -8*r + 33. Determine d(r).
1
Suppose 2*a + 10 = 3*w, -2*a + 12 = 4. Let z(t) = t - 1 + 2*t - w*t + 0. Calculate z(-4).
11
Let w(j) = -j. Suppose -b + 18 = 2*b. Suppose -y = 0, -5*v - 3*y = -b + 1. Let p(l) = -5*l + 4. Let o(u) = v*p(u) - 4*w(u). Calculate o(5).
-1
Let r(m) be the first derivative of m**6/360 - m**5/40 - m**3 + 2. Let c(q) be the third derivative of r(q). What is c(3)?
0
Let c(n) be the second derivative of -n**4/12 + 2*n**3/3 - n**2 + 47*n. What is c(5)?
-7
Suppose 0*l = -l - 7. Let n(b) = -b**3 - 6*b**2 + 8*b + 9. Determine n(l).
2
Let x(z) be the third derivative of z**4/24 + 2*z**3/3 - 5*z**2. What is x(-4)?
0
Suppose 3*c + 4 = -5. Let l(m) be the third derivative of -m**5/60 - m**4/4 - 2*m**3/3 + 2*m**2. Calculate l(c).
5
Let i(r) = 6*r - 3*r**2 - 5*r + r**2 + r**2. Determine i(5).
-20
Let i = 195 + -197. Let x(j) be the first derivative of 3*j**2/2 - 1. What is x(i)?
-6
Let p = -6 - -8. Let f(q) = -2*q + 1. Let d be f(-1). Let t(w) = 11*w - d*w - w + 6 + w**p. Calculate t(-5).
-4
Let h(w) = -w**2 - 6*w - 6. Let a(n) = 2*n**2 + 12*n + 12. Let s(v) = 3*a(v) + 7*h(v). What is s(-4)?
2
Let f(i) be the third derivative of 1/4*i**4 - 1/30*i**5 + 0 - i**2 - 1/6*i**3 + 0*i. What is f(4)?
-9
Let a(m) be the second derivative of -11*m**5/20 + m**4/12 + 14*m. Suppose 5 = -n - 3*w, 2*n + 3 - 2 = -3*w. Let j be 1*-1*(n + -5). Determine a(j).
-10
Let y(m) = m + 1. Let w(z) = 4*z - 2. Let x(n) = -w(n) + 5*y(n). Let b be 2/(-12)*(-13 + -2)*-2. Give x(b).
2
Let w(z) = -z + 5. Let v be w(5). Suppose -3*l + 4*l = v. Let n(d) be the first derivative of -d**2/2 - d - 2. What is n(l)?
-1
Let d(t) = 9 - 2*t + 0 - 2. Give d(5).
-3
Suppose -2*g + h + 11 = -0*g, -h - 3 = 0. Let r(p) = p - g + 0*p + p - 3*p. Give r(0).
-4
Let f(y) = y**2 + 6*y + 3. Let w(h) = -h**2 + 5*h + 8. Let k be w(6). Suppose 0 = l + k*l + 12. Give f(l).
-5
Let l(f) = -f**3 + f**2 - 2*f - 10. Let k(u) = u**3 + u + 9. Let t(a) = 6*k(a) + 5*l(a). Give t(-6).
-8
Let f(b) = b**3 + 6*b**2 - 7*b + 4. Let n be f(-7). Let p(a) = -6*a + 6*a + a - 1 - n*a. Give p(1).
-4
Suppose 10 = 4*s + 3*i + 5, -4*s + i = 7. Let p(b) = -6*b**3 - 2*b**2 - b. What is p(s)?
5
Let c(x) = x**3 + x**2 + 1. Let y(g) = -4*g**2 - 2. Let b(k) = c(k) + y(k). Let i(l) = -l**2 - 4*l + 2. Let a be i(-4). Let o = 4 - a. Calculate b(o).
-5
Let y = 11 - 5. Let d(c) = -5*c**2 - 5*c - 1. Let r(w) = 4*w**2 + 5*w. Let a(p) = y*r(p) + 5*d(p). Suppose 0 = -3*g + 6 + 6. Determine a(g).
-1
Let r(q) = 2*q + 14. Let a(x) = x + 7. Let t(u) = 13*a(u) - 6*r(u). Let i(f) = -2*f - 4 + 2 + 3*f. Let g be i(2). What is t(g)?
7
Suppose -8 = -3*z - 17. Let s(q) = -q**3 - 4*q**2 - 5*q - 3. Determine s(z).
3
Let b(t) = -3*t + 3. Let a(o) = -16*o + 16. Let f(j) = -2*a(j) + 11*b(j). Give f(1).
0
Let u(w) be the third derivative of -7*w**4/24 - w**3/6 - 3*w**2. Let p = -2 - -3. Calculate u(p).
-8
Let z = -6 + 3. Let t(s) = -8*s - 8. Let b(q) = 2*q - 1 + 3*q - 6*q. Let d(k) = 28*b(k) - 4*t(k). Give d(z).
-8
Let q = -9 - -11. Let b(f) = q*f**3 + 1 + 4*f**3 - 2*f**2 - 9*f**3. What is b(1)?
-4
Let a(t) = 0*t + 0 + 2*t + t + 1 + t**2. Give a(-2).
-1
Let v be (10/(-3))/(20/(-6) - -4). Let z(l) = -l**3 - 6*l**2 - 4*l + 3. Determine z(v).
-2
Let m(w) = -w**2 + 5. Suppose f + 1 = 5. Give m(f).
-11
Let p(d) = -3*d**3 - 3*d**2 - 21*d + 14. Let l(b) = -b**3 - 2*b**2 - 10*b + 7. Let f(u) = 5*l(u) - 2*p(u). Suppose -5 = -5*g + 20. Determine f(g).
-8
Let q(l) = -6*l**3 + 2*l**2 + l. Let m be q(-1). Let s(y) = -y**2 + 4*y + 4. Give s(m).
-17
Let r = 0 - -5. Let u = -11 - -15. Let g(s) = -u + s + 4 - 3 + r. What is g(0)?
2
Suppose 0*y = -5*z + 5*y + 10, -4*y + 12 = 0. Suppose 5*s - 5 = 2*c, -6*c + c - z = -5*s. Let d(n) = -1 - 2*n + 2*n - 3*n + c*n. Determine d(-1).
2
Le